{"id":242,"date":"2016-11-09T22:50:43","date_gmt":"2016-11-09T22:50:43","guid":{"rendered":"https:\/\/oceanwp.org\/architect\/?page_id=242"},"modified":"2026-01-19T09:22:57","modified_gmt":"2026-01-19T19:22:57","slug":"home","status":"publish","type":"page","link":"https:\/\/tamariipointedespecheurs.org\/","title":{"rendered":"Acceuil"},"content":{"rendered":"\t\t<div data-elementor-type=\"wp-page\" data-elementor-id=\"242\" class=\"elementor elementor-242\">\n\t\t\t\t\t\t<section class=\"elementor-section elementor-top-section elementor-element elementor-element-cig4q6x elementor-section-height-full elementor-section-boxed elementor-section-height-default elementor-section-items-middle\" data-id=\"cig4q6x\" data-element_type=\"section\" data-e-type=\"section\" data-settings=\"{&quot;background_background&quot;:&quot;classic&quot;}\">\n\t\t\t\t\t\t<div class=\"elementor-container elementor-column-gap-default\">\n\t\t\t\t\t<div class=\"elementor-column elementor-col-100 elementor-top-column elementor-element elementor-element-55cy4ji\" data-id=\"55cy4ji\" data-element_type=\"column\" data-e-type=\"column\">\n\t\t\t<div class=\"elementor-widget-wrap elementor-element-populated\">\n\t\t\t\t\t\t<div class=\"elementor-element elementor-element-yod5c4k elementor-invisible elementor-widget elementor-widget-heading\" data-id=\"yod5c4k\" data-element_type=\"widget\" data-e-type=\"widget\" data-settings=\"{&quot;_animation&quot;:&quot;fadeIn&quot;}\" data-widget_type=\"heading.default\">\n\t\t\t\t<div class=\"elementor-widget-container\">\n\t\t\t\t\t<h2 class=\"elementor-heading-title elementor-size-default\">Tamari'I POINTE DES P\u00caCHEURS<\/h2>\t\t\t\t<\/div>\n\t\t\t\t<\/div>\n\t\t\t\t<div class=\"elementor-element elementor-element-uug8x11 elementor-widget elementor-widget-text-editor\" data-id=\"uug8x11\" data-element_type=\"widget\" data-e-type=\"widget\" data-widget_type=\"text-editor.default\">\n\t\t\t\t<div class=\"elementor-widget-container\">\n\t\t\t\t\t\t\t\t\t<p>Sauvons nos lagons pour nos enfants !<\/p>\t\t\t\t\t\t\t\t<\/div>\n\t\t\t\t<\/div>\n\t\t\t\t<div class=\"elementor-element elementor-element-9sovdwc elementor-align-center elementor-widget elementor-widget-button\" data-id=\"9sovdwc\" data-element_type=\"widget\" data-e-type=\"widget\" data-widget_type=\"button.default\">\n\t\t\t\t<div class=\"elementor-widget-container\">\n\t\t\t\t\t\t\t\t\t<div class=\"elementor-button-wrapper\">\n\t\t\t\t\t<a class=\"elementor-button elementor-button-link elementor-size-sm\" href=\"https:\/\/tamariipointedespecheurs.org\/index.php\/qui-sommes-nous\/\">\n\t\t\t\t\t\t<span class=\"elementor-button-content-wrapper\">\n\t\t\t\t\t\t\t\t\t<span class=\"elementor-button-text\">En savoir plus<\/span>\n\t\t\t\t\t<\/span>\n\t\t\t\t\t<\/a>\n\t\t\t\t<\/div>\n\t\t\t\t\t\t\t\t<\/div>\n\t\t\t\t<\/div>\n\t\t\t\t\t<\/div>\n\t\t<\/div>\n\t\t\t\t\t<\/div>\n\t\t<\/section>\n\t\t\t\t<section class=\"elementor-section elementor-top-section elementor-element elementor-element-50nx0rj elementor-section-boxed elementor-section-height-default elementor-section-height-default\" data-id=\"50nx0rj\" data-element_type=\"section\" data-e-type=\"section\" id=\"work\">\n\t\t\t\t\t\t<div class=\"elementor-container elementor-column-gap-default\">\n\t\t\t\t\t<div class=\"elementor-column elementor-col-50 elementor-top-column elementor-element elementor-element-81146bc\" data-id=\"81146bc\" data-element_type=\"column\" data-e-type=\"column\">\n\t\t\t<div class=\"elementor-widget-wrap elementor-element-populated\">\n\t\t\t\t\t\t<div class=\"elementor-element elementor-element-b492b86 elementor-widget elementor-widget-testimonial\" data-id=\"b492b86\" data-element_type=\"widget\" data-e-type=\"widget\" data-widget_type=\"testimonial.default\">\n\t\t\t\t<div class=\"elementor-widget-container\">\n\t\t\t\t\t\t\t<div class=\"elementor-testimonial-wrapper\">\n\t\t\t\t\t\t\t<div class=\"elementor-testimonial-content\">\" Magnifique travail de sensibilisation et d'\u00e9veil,<br> merci de prot\u00e9ger notre beau lagon. \"<\/div>\n\t\t\t\n\t\t\t\t\t\t<div class=\"elementor-testimonial-meta elementor-has-image elementor-testimonial-image-position-aside\">\n\t\t\t\t<div class=\"elementor-testimonial-meta-inner\">\n\t\t\t\t\t\t\t\t\t\t\t<div class=\"elementor-testimonial-image\">\n\t\t\t\t\t\t\t<img fetchpriority=\"high\" decoding=\"async\" width=\"1916\" height=\"2560\" src=\"https:\/\/tamariipointedespecheurs.org\/wp-content\/uploads\/2020\/05\/3-scaled.jpeg\" class=\"attachment-full size-full wp-image-12427\" alt=\"\" srcset=\"https:\/\/tamariipointedespecheurs.org\/wp-content\/uploads\/2020\/05\/3-scaled.jpeg 1916w, https:\/\/tamariipointedespecheurs.org\/wp-content\/uploads\/2020\/05\/3-225x300.jpeg 225w, https:\/\/tamariipointedespecheurs.org\/wp-content\/uploads\/2020\/05\/3-767x1024.jpeg 767w, https:\/\/tamariipointedespecheurs.org\/wp-content\/uploads\/2020\/05\/3-768x1026.jpeg 768w, https:\/\/tamariipointedespecheurs.org\/wp-content\/uploads\/2020\/05\/3-1150x1536.jpeg 1150w, https:\/\/tamariipointedespecheurs.org\/wp-content\/uploads\/2020\/05\/3-1533x2048.jpeg 1533w, https:\/\/tamariipointedespecheurs.org\/wp-content\/uploads\/2020\/05\/3-600x801.jpeg 600w\" sizes=\"(max-width: 1916px) 100vw, 1916px\" \/>\t\t\t\t\t\t<\/div>\n\t\t\t\t\t\n\t\t\t\t\t\t\t\t\t\t<div class=\"elementor-testimonial-details\">\n\t\t\t\t\t\t\t\t\t\t\t\t\t\t<div class=\"elementor-testimonial-name\">Fraid<\/div>\n\t\t\t\t\t\t\t\t\t\t\t\t\t\t\t\t\t\t\t\t\t\t<div class=\"elementor-testimonial-job\">Photographe<\/div>\n\t\t\t\t\t\t\t\t\t\t\t\t\t<\/div>\n\t\t\t\t\t\t\t\t\t<\/div>\n\t\t\t<\/div>\n\t\t\t\t\t<\/div>\n\t\t\t\t\t\t<\/div>\n\t\t\t\t<\/div>\n\t\t\t\t\t<\/div>\n\t\t<\/div>\n\t\t\t\t<div class=\"elementor-column elementor-col-50 elementor-top-column elementor-element elementor-element-bea8bb4\" data-id=\"bea8bb4\" data-element_type=\"column\" data-e-type=\"column\">\n\t\t\t<div class=\"elementor-widget-wrap elementor-element-populated\">\n\t\t\t\t\t\t<div class=\"elementor-element elementor-element-a22127f elementor-widget elementor-widget-testimonial\" data-id=\"a22127f\" data-element_type=\"widget\" data-e-type=\"widget\" data-widget_type=\"testimonial.default\">\n\t\t\t\t<div class=\"elementor-widget-container\">\n\t\t\t\t\t\t\t<div class=\"elementor-testimonial-wrapper\">\n\t\t\t\t\t\t\t<div class=\"elementor-testimonial-content\">Belle initiative pour la protection des coraux de nos lagons avec des animateurs au top ! Merci d'avoir permis aux \u00e9l\u00e8ves de l'\u00e9cole Taharuu d'y participer. Enseignants n'h\u00e9sitez pas \u00e0 y emmener vos \u00e9l\u00e8ves.<\/div>\n\t\t\t\n\t\t\t\t\t\t<div class=\"elementor-testimonial-meta elementor-has-image elementor-testimonial-image-position-aside\">\n\t\t\t\t<div class=\"elementor-testimonial-meta-inner\">\n\t\t\t\t\t\t\t\t\t\t\t<div class=\"elementor-testimonial-image\">\n\t\t\t\t\t\t\t<img decoding=\"async\" width=\"1536\" height=\"2048\" src=\"https:\/\/tamariipointedespecheurs.org\/wp-content\/uploads\/2020\/05\/long-presentation.jpg\" class=\"attachment-full size-full wp-image-12582\" alt=\"\" srcset=\"https:\/\/tamariipointedespecheurs.org\/wp-content\/uploads\/2020\/05\/long-presentation.jpg 1536w, https:\/\/tamariipointedespecheurs.org\/wp-content\/uploads\/2020\/05\/long-presentation-225x300.jpg 225w, https:\/\/tamariipointedespecheurs.org\/wp-content\/uploads\/2020\/05\/long-presentation-768x1024.jpg 768w, https:\/\/tamariipointedespecheurs.org\/wp-content\/uploads\/2020\/05\/long-presentation-1152x1536.jpg 1152w, https:\/\/tamariipointedespecheurs.org\/wp-content\/uploads\/2020\/05\/long-presentation-600x800.jpg 600w\" sizes=\"(max-width: 1536px) 100vw, 1536px\" \/>\t\t\t\t\t\t<\/div>\n\t\t\t\t\t\n\t\t\t\t\t\t\t\t\t\t<div class=\"elementor-testimonial-details\">\n\t\t\t\t\t\t\t\t\t\t\t\t\t\t<div class=\"elementor-testimonial-name\">Christine<\/div>\n\t\t\t\t\t\t\t\t\t\t\t\t\t\t\t\t\t\t\t\t\t\t<div class=\"elementor-testimonial-job\">Professeur<\/div>\n\t\t\t\t\t\t\t\t\t\t\t\t\t<\/div>\n\t\t\t\t\t\t\t\t\t<\/div>\n\t\t\t<\/div>\n\t\t\t\t\t<\/div>\n\t\t\t\t\t\t<\/div>\n\t\t\t\t<\/div>\n\t\t\t\t\t<\/div>\n\t\t<\/div>\n\t\t\t\t\t<\/div>\n\t\t<\/section>\n\t\t\t\t<section class=\"elementor-section elementor-top-section elementor-element elementor-element-gpj1hy3 elementor-section-content-middle elementor-section-boxed elementor-section-height-default elementor-section-height-default\" data-id=\"gpj1hy3\" data-element_type=\"section\" data-e-type=\"section\" data-settings=\"{&quot;background_background&quot;:&quot;classic&quot;}\">\n\t\t\t\t\t\t<div class=\"elementor-container elementor-column-gap-default\">\n\t\t\t\t\t<div class=\"elementor-column elementor-col-50 elementor-top-column elementor-element elementor-element-34ufknl\" data-id=\"34ufknl\" data-element_type=\"column\" data-e-type=\"column\">\n\t\t\t<div class=\"elementor-widget-wrap elementor-element-populated\">\n\t\t\t\t\t\t<div class=\"elementor-element elementor-element-wwwoujt big-title elementor-widget elementor-widget-heading\" data-id=\"wwwoujt\" data-element_type=\"widget\" data-e-type=\"widget\" data-widget_type=\"heading.default\">\n\t\t\t\t<div class=\"elementor-widget-container\">\n\t\t\t\t\t<h2 class=\"elementor-heading-title elementor-size-default\">nos actions<\/h2>\t\t\t\t<\/div>\n\t\t\t\t<\/div>\n\t\t\t\t\t<\/div>\n\t\t<\/div>\n\t\t\t\t<div class=\"elementor-column elementor-col-50 elementor-top-column elementor-element elementor-element-qqbe2op big-margin\" data-id=\"qqbe2op\" data-element_type=\"column\" data-e-type=\"column\">\n\t\t\t<div class=\"elementor-widget-wrap elementor-element-populated\">\n\t\t\t\t\t\t<div class=\"elementor-element elementor-element-dxnutd9 elementor-widget elementor-widget-text-editor\" data-id=\"dxnutd9\" data-element_type=\"widget\" data-e-type=\"widget\" data-widget_type=\"text-editor.default\">\n\t\t\t\t<div class=\"elementor-widget-container\">\n\t\t\t\t\t\t\t\t\t<p><span style=\"font-weight: 400;\">Nous avons comme mission principale la sensibilisation, l\u2019\u00e9ducation \u00e0 l\u2019environnement, lagonaire en particulier,\u00a0<\/span><\/p><p><span style=\"font-weight: 400;\">r\u00e9alis\u00e9e principalement lors de nos ateliers, mais aussi lors des sessions d\u2019action dans le lagon. <\/span><\/p><p style=\"margin-bottom: 15px;\">\u00a0<\/p>\t\t\t\t\t\t\t\t<\/div>\n\t\t\t\t<\/div>\n\t\t\t\t<section class=\"elementor-section elementor-inner-section elementor-element elementor-element-cvlky34 elementor-section-boxed elementor-section-height-default elementor-section-height-default\" data-id=\"cvlky34\" data-element_type=\"section\" data-e-type=\"section\">\n\t\t\t\t\t\t<div class=\"elementor-container elementor-column-gap-default\">\n\t\t\t\t\t<div class=\"elementor-column elementor-col-33 elementor-inner-column elementor-element elementor-element-t9h3yfd\" data-id=\"t9h3yfd\" data-element_type=\"column\" data-e-type=\"column\">\n\t\t\t<div class=\"elementor-widget-wrap elementor-element-populated\">\n\t\t\t\t\t\t<div class=\"elementor-element elementor-element-m8sdnik elementor-widget elementor-widget-image\" data-id=\"m8sdnik\" data-element_type=\"widget\" data-e-type=\"widget\" data-widget_type=\"image.default\">\n\t\t\t\t<div class=\"elementor-widget-container\">\n\t\t\t\t\t\t\t\t\t\t\t\t\t\t\t<img decoding=\"async\" width=\"600\" height=\"599\" src=\"https:\/\/tamariipointedespecheurs.org\/wp-content\/uploads\/2020\/05\/corail.jpg\" class=\"attachment-full size-full wp-image-12595\" alt=\"\" srcset=\"https:\/\/tamariipointedespecheurs.org\/wp-content\/uploads\/2020\/05\/corail.jpg 600w, https:\/\/tamariipointedespecheurs.org\/wp-content\/uploads\/2020\/05\/corail-300x300.jpg 300w, https:\/\/tamariipointedespecheurs.org\/wp-content\/uploads\/2020\/05\/corail-150x150.jpg 150w, https:\/\/tamariipointedespecheurs.org\/wp-content\/uploads\/2020\/05\/corail-100x100.jpg 100w\" sizes=\"(max-width: 600px) 100vw, 600px\" \/>\t\t\t\t\t\t\t\t\t\t\t\t\t\t\t<\/div>\n\t\t\t\t<\/div>\n\t\t\t\t\t<\/div>\n\t\t<\/div>\n\t\t\t\t<div class=\"elementor-column elementor-col-33 elementor-inner-column elementor-element elementor-element-oxm2dx0\" data-id=\"oxm2dx0\" data-element_type=\"column\" data-e-type=\"column\">\n\t\t\t<div class=\"elementor-widget-wrap elementor-element-populated\">\n\t\t\t\t\t\t<div class=\"elementor-element elementor-element-mz6h9nv elementor-widget elementor-widget-image\" data-id=\"mz6h9nv\" data-element_type=\"widget\" data-e-type=\"widget\" data-widget_type=\"image.default\">\n\t\t\t\t<div class=\"elementor-widget-container\">\n\t\t\t\t\t\t\t\t\t\t\t\t\t\t\t<img loading=\"lazy\" decoding=\"async\" width=\"2048\" height=\"1536\" src=\"https:\/\/tamariipointedespecheurs.org\/wp-content\/uploads\/2026\/01\/groupe.jpg\" class=\"attachment-full size-full wp-image-12755\" alt=\"\" srcset=\"https:\/\/tamariipointedespecheurs.org\/wp-content\/uploads\/2026\/01\/groupe.jpg 2048w, https:\/\/tamariipointedespecheurs.org\/wp-content\/uploads\/2026\/01\/groupe-300x225.jpg 300w, https:\/\/tamariipointedespecheurs.org\/wp-content\/uploads\/2026\/01\/groupe-1024x768.jpg 1024w, https:\/\/tamariipointedespecheurs.org\/wp-content\/uploads\/2026\/01\/groupe-768x576.jpg 768w, https:\/\/tamariipointedespecheurs.org\/wp-content\/uploads\/2026\/01\/groupe-1536x1152.jpg 1536w\" sizes=\"(max-width: 2048px) 100vw, 2048px\" \/>\t\t\t\t\t\t\t\t\t\t\t\t\t\t\t<\/div>\n\t\t\t\t<\/div>\n\t\t\t\t\t<\/div>\n\t\t<\/div>\n\t\t\t\t<div class=\"elementor-column elementor-col-33 elementor-inner-column elementor-element elementor-element-ov6k6vg\" data-id=\"ov6k6vg\" data-element_type=\"column\" data-e-type=\"column\">\n\t\t\t<div class=\"elementor-widget-wrap elementor-element-populated\">\n\t\t\t\t\t\t<div class=\"elementor-element elementor-element-r6lh0j7 elementor-widget elementor-widget-image\" data-id=\"r6lh0j7\" data-element_type=\"widget\" data-e-type=\"widget\" data-widget_type=\"image.default\">\n\t\t\t\t<div class=\"elementor-widget-container\">\n\t\t\t\t\t\t\t\t\t\t\t\t\t\t\t<img loading=\"lazy\" decoding=\"async\" width=\"2560\" height=\"2560\" src=\"https:\/\/tamariipointedespecheurs.org\/wp-content\/uploads\/2020\/05\/bouturafe-scaled.jpg\" class=\"attachment-full size-full wp-image-12589\" alt=\"\" srcset=\"https:\/\/tamariipointedespecheurs.org\/wp-content\/uploads\/2020\/05\/bouturafe-scaled.jpg 2560w, https:\/\/tamariipointedespecheurs.org\/wp-content\/uploads\/2020\/05\/bouturafe-300x300.jpg 300w, https:\/\/tamariipointedespecheurs.org\/wp-content\/uploads\/2020\/05\/bouturafe-1024x1024.jpg 1024w, https:\/\/tamariipointedespecheurs.org\/wp-content\/uploads\/2020\/05\/bouturafe-150x150.jpg 150w, https:\/\/tamariipointedespecheurs.org\/wp-content\/uploads\/2020\/05\/bouturafe-768x768.jpg 768w, https:\/\/tamariipointedespecheurs.org\/wp-content\/uploads\/2020\/05\/bouturafe-1536x1536.jpg 1536w, https:\/\/tamariipointedespecheurs.org\/wp-content\/uploads\/2020\/05\/bouturafe-2048x2048.jpg 2048w, https:\/\/tamariipointedespecheurs.org\/wp-content\/uploads\/2020\/05\/bouturafe-600x600.jpg 600w, https:\/\/tamariipointedespecheurs.org\/wp-content\/uploads\/2020\/05\/bouturafe-100x100.jpg 100w\" sizes=\"(max-width: 2560px) 100vw, 2560px\" \/>\t\t\t\t\t\t\t\t\t\t\t\t\t\t\t<\/div>\n\t\t\t\t<\/div>\n\t\t\t\t\t<\/div>\n\t\t<\/div>\n\t\t\t\t\t<\/div>\n\t\t<\/section>\n\t\t\t\t<div class=\"elementor-element elementor-element-b94bf18 elementor-align-center elementor-widget elementor-widget-button\" data-id=\"b94bf18\" data-element_type=\"widget\" data-e-type=\"widget\" data-widget_type=\"button.default\">\n\t\t\t\t<div class=\"elementor-widget-container\">\n\t\t\t\t\t\t\t\t\t<div class=\"elementor-button-wrapper\">\n\t\t\t\t\t<a class=\"elementor-button elementor-button-link elementor-size-sm\" href=\"https:\/\/tamariipointedespecheurs.org\/index.php\/nos-actions\/\">\n\t\t\t\t\t\t<span class=\"elementor-button-content-wrapper\">\n\t\t\t\t\t\t\t\t\t<span class=\"elementor-button-text\">En savoir plus<\/span>\n\t\t\t\t\t<\/span>\n\t\t\t\t\t<\/a>\n\t\t\t\t<\/div>\n\t\t\t\t\t\t\t\t<\/div>\n\t\t\t\t<\/div>\n\t\t\t\t\t<\/div>\n\t\t<\/div>\n\t\t\t\t\t<\/div>\n\t\t<\/section>\n\t\t\t\t<section class=\"elementor-section elementor-top-section elementor-element elementor-element-zhpp2l5 elementor-section-boxed elementor-section-height-default elementor-section-height-default\" data-id=\"zhpp2l5\" data-element_type=\"section\" data-e-type=\"section\">\n\t\t\t\t\t\t<div class=\"elementor-container elementor-column-gap-default\">\n\t\t\t\t\t<div class=\"elementor-column elementor-col-100 elementor-top-column elementor-element elementor-element-5lv3k9h\" data-id=\"5lv3k9h\" data-element_type=\"column\" data-e-type=\"column\" data-settings=\"{&quot;background_background&quot;:&quot;classic&quot;}\">\n\t\t\t<div class=\"elementor-widget-wrap elementor-element-populated\">\n\t\t\t\t\t<div class=\"elementor-background-overlay\"><\/div>\n\t\t\t\t\t\t<section class=\"elementor-section elementor-inner-section elementor-element elementor-element-j6oeodi elementor-section-content-middle elementor-section-boxed elementor-section-height-default elementor-section-height-default\" data-id=\"j6oeodi\" data-element_type=\"section\" data-e-type=\"section\">\n\t\t\t\t\t\t<div class=\"elementor-container elementor-column-gap-default\">\n\t\t\t\t\t<div class=\"elementor-column elementor-col-50 elementor-inner-column elementor-element elementor-element-67bmoxo\" data-id=\"67bmoxo\" data-element_type=\"column\" data-e-type=\"column\">\n\t\t\t<div class=\"elementor-widget-wrap elementor-element-populated\">\n\t\t\t\t\t\t<div class=\"elementor-element elementor-element-0e3e19d big-title elementor-widget elementor-widget-heading\" data-id=\"0e3e19d\" data-element_type=\"widget\" data-e-type=\"widget\" data-widget_type=\"heading.default\">\n\t\t\t\t<div class=\"elementor-widget-container\">\n\t\t\t\t\t<h2 class=\"elementor-heading-title elementor-size-default\">nos derniers articles<\/h2>\t\t\t\t<\/div>\n\t\t\t\t<\/div>\n\t\t\t\t\t<\/div>\n\t\t<\/div>\n\t\t\t\t<div class=\"elementor-column elementor-col-50 elementor-inner-column elementor-element elementor-element-gurfeaf\" data-id=\"gurfeaf\" data-element_type=\"column\" data-e-type=\"column\">\n\t\t\t<div class=\"elementor-widget-wrap elementor-element-populated\">\n\t\t\t\t\t\t<div class=\"elementor-element elementor-element-8kkr8yf elementor-widget elementor-widget-text-editor\" data-id=\"8kkr8yf\" data-element_type=\"widget\" data-e-type=\"widget\" data-settings=\"{&quot;_animation&quot;:&quot;none&quot;}\" data-widget_type=\"text-editor.default\">\n\t\t\t\t<div class=\"elementor-widget-container\">\n\t\t\t\t\t\t\t\t\t<p>\u00a0<\/p><p style=\"margin: 1.5em auto; padding-right: 20px; padding-left: 20px; font-variant-ligatures: normal; font-variant-caps: normal; font-family: Lato; font-size: 15px; font-style: normal; max-width: 700px; text-align: start;\"><b>L\u2019association Tamari\u2019i Pointe des P\u00eacheurs propose des journ\u00e9es \u00e9co-volontaires plusieurs fois par mois.<\/b><\/p><p style=\"margin: 1.5em auto; padding-right: 20px; padding-left: 20px; font-variant-ligatures: normal; font-variant-caps: normal; font-family: Lato; font-size: 15px; font-style: normal; max-width: 700px; text-align: start;\"><b>En effet, tous ceux qui souhaitent nous aider \u00e0 entretenir notre jardin corallien, situ\u00e9 dans le lagon de la Pointe des P\u00eacheurs, sont les bienvenus !<\/b><\/p>\t\t\t\t\t\t\t\t<\/div>\n\t\t\t\t<\/div>\n\t\t\t\t\t<\/div>\n\t\t<\/div>\n\t\t\t\t\t<\/div>\n\t\t<\/section>\n\t\t\t\t<div class=\"elementor-element elementor-element-3a3d2c2 elementor-align-center elementor-widget elementor-widget-button\" data-id=\"3a3d2c2\" data-element_type=\"widget\" data-e-type=\"widget\" data-widget_type=\"button.default\">\n\t\t\t\t<div class=\"elementor-widget-container\">\n\t\t\t\t\t\t\t\t\t<div class=\"elementor-button-wrapper\">\n\t\t\t\t\t<a class=\"elementor-button elementor-button-link elementor-size-sm\" href=\"https:\/\/tamariipointedespecheurs.org\/index.php\/blog\/\">\n\t\t\t\t\t\t<span class=\"elementor-button-content-wrapper\">\n\t\t\t\t\t\t\t\t\t<span class=\"elementor-button-text\">En savoir plus<\/span>\n\t\t\t\t\t<\/span>\n\t\t\t\t\t<\/a>\n\t\t\t\t<\/div>\n\t\t\t\t\t\t\t\t<\/div>\n\t\t\t\t<\/div>\n\t\t\t\t\t<\/div>\n\t\t<\/div>\n\t\t\t\t\t<\/div>\n\t\t<\/section>\n\t\t\t\t<\/div>\n\t\t","protected":false},"excerpt":{"rendered":"<p>Tamari&rsquo;I POINTE DES P\u00caCHEURS Sauvons nos lagons pour nos enfants ! En savoir plus \u00a0\u00bb Magnifique travail de sensibilisation et d&rsquo;\u00e9veil, merci de prot\u00e9ger notre beau lagon. \u00ab\u00a0 Fraid Photographe Belle initiative pour la protection des coraux de nos lagons avec des animateurs au top ! Merci d&rsquo;avoir permis aux \u00e9l\u00e8ves de l&rsquo;\u00e9cole Taharuu d&rsquo;y participer. Enseignants n&rsquo;h\u00e9sitez pas \u00e0 y emmener vos \u00e9l\u00e8ves. Christine Professeur nos actions Nous avons comme mission principale la sensibilisation, [&hellip;]<\/p>\n","protected":false},"author":1,"featured_media":0,"parent":0,"menu_order":0,"comment_status":"closed","ping_status":"closed","template":"","meta":{"ocean_post_layout":"full-screen","ocean_both_sidebars_style":"","ocean_both_sidebars_content_width":0,"ocean_both_sidebars_sidebars_width":0,"ocean_sidebar":"0","ocean_second_sidebar":"0","ocean_disable_margins":"on","ocean_add_body_class":"","ocean_shortcode_before_top_bar":"","ocean_shortcode_after_top_bar":"","ocean_shortcode_before_header":"","ocean_shortcode_after_header":"","ocean_has_shortcode":"","ocean_shortcode_after_title":"","ocean_shortcode_before_footer_widgets":"","ocean_shortcode_after_footer_widgets":"","ocean_shortcode_before_footer_bottom":"","ocean_shortcode_after_footer_bottom":"","ocean_display_top_bar":"default","ocean_display_header":"default","ocean_header_style":"","ocean_center_header_left_menu":"0","ocean_custom_header_template":"0","ocean_custom_logo":0,"ocean_custom_retina_logo":0,"ocean_custom_logo_max_width":0,"ocean_custom_logo_tablet_max_width":0,"ocean_custom_logo_mobile_max_width":0,"ocean_custom_logo_max_height":0,"ocean_custom_logo_tablet_max_height":0,"ocean_custom_logo_mobile_max_height":0,"ocean_header_custom_menu":"0","ocean_menu_typo_font_family":"0","ocean_menu_typo_font_subset":"","ocean_menu_typo_font_size":0,"ocean_menu_typo_font_size_tablet":0,"ocean_menu_typo_font_size_mobile":0,"ocean_menu_typo_font_size_unit":"px","ocean_menu_typo_font_weight":"","ocean_menu_typo_font_weight_tablet":"","ocean_menu_typo_font_weight_mobile":"","ocean_menu_typo_transform":"","ocean_menu_typo_transform_tablet":"","ocean_menu_typo_transform_mobile":"","ocean_menu_typo_line_height":0,"ocean_menu_typo_line_height_tablet":0,"ocean_menu_typo_line_height_mobile":0,"ocean_menu_typo_line_height_unit":"","ocean_menu_typo_spacing":0,"ocean_menu_typo_spacing_tablet":0,"ocean_menu_typo_spacing_mobile":0,"ocean_menu_typo_spacing_unit":"","ocean_menu_link_color":"","ocean_menu_link_color_hover":"","ocean_menu_link_color_active":"","ocean_menu_link_background":"","ocean_menu_link_hover_background":"","ocean_menu_link_active_background":"","ocean_menu_social_links_bg":"","ocean_menu_social_hover_links_bg":"","ocean_menu_social_links_color":"","ocean_menu_social_hover_links_color":"","ocean_disable_title":"on","ocean_disable_heading":"default","ocean_post_title":"","ocean_post_subheading":"","ocean_post_title_style":"","ocean_post_title_background_color":"","ocean_post_title_background":0,"ocean_post_title_bg_image_position":"","ocean_post_title_bg_image_attachment":"","ocean_post_title_bg_image_repeat":"","ocean_post_title_bg_image_size":"","ocean_post_title_height":0,"ocean_post_title_bg_overlay":0.5,"ocean_post_title_bg_overlay_color":"","ocean_disable_breadcrumbs":"default","ocean_breadcrumbs_color":"","ocean_breadcrumbs_separator_color":"","ocean_breadcrumbs_links_color":"","ocean_breadcrumbs_links_hover_color":"","ocean_display_footer_widgets":"default","ocean_display_footer_bottom":"default","ocean_custom_footer_template":"0","footnotes":""},"class_list":["post-242","page","type-page","status-publish","hentry","entry"],"jetpack_sharing_enabled":true,"_links":{"self":[{"href":"https:\/\/tamariipointedespecheurs.org\/index.php\/wp-json\/wp\/v2\/pages\/242","targetHints":{"allow":["GET"]}}],"collection":[{"href":"https:\/\/tamariipointedespecheurs.org\/index.php\/wp-json\/wp\/v2\/pages"}],"about":[{"href":"https:\/\/tamariipointedespecheurs.org\/index.php\/wp-json\/wp\/v2\/types\/page"}],"author":[{"embeddable":true,"href":"https:\/\/tamariipointedespecheurs.org\/index.php\/wp-json\/wp\/v2\/users\/1"}],"replies":[{"embeddable":true,"href":"https:\/\/tamariipointedespecheurs.org\/index.php\/wp-json\/wp\/v2\/comments?post=242"}],"version-history":[{"count":42,"href":"https:\/\/tamariipointedespecheurs.org\/index.php\/wp-json\/wp\/v2\/pages\/242\/revisions"}],"predecessor-version":[{"id":12789,"href":"https:\/\/tamariipointedespecheurs.org\/index.php\/wp-json\/wp\/v2\/pages\/242\/revisions\/12789"}],"wp:attachment":[{"href":"https:\/\/tamariipointedespecheurs.org\/index.php\/wp-json\/wp\/v2\/media?parent=242"}],"curies":[{"name":"wp","href":"https:\/\/api.w.org\/{rel}","templated":true}]}}